sor of x and 40?
10
Suppose 5*m + 85 = -95. Let c = 207 - m. Calculate the highest common divisor of c and 27.
27
Let d(a) = -a**2 + 72*a + 421. Let t be d(61). Calculate the highest common factor of 672 and t.
84
Let n(w) = w + 10. Let i be n(-8). Suppose -i*s - 4*b + 5 = b, s - 2 = -3*b. Let p be s/2*(-1428)/(-30). Calculate the highest common divisor of p and 17.
17
Suppose -10 - 8 = -2*x. Let s(m) = -174*m - 132. Let c be s(-2). What is the highest common divisor of x and c?
9
Let n be 21 + -13 + 2 + -6. Suppose n*x + 4 = 0, -2*x + 0*x + 1838 = 4*g. What is the greatest common factor of 40 and g?
20
Let c = -3 + 7. Let a = 140 + -137. Suppose 27*p = -a*p + 300. Calculate the greatest common divisor of p and c.
2
Suppose g = -5*d - 336, -948 = 3*g + 5*d - 2*d. Let y = g + 315. Calculate the highest common divisor of 28 and y.
4
Let p(k) = -83*k - 446 + 466 + 20*k. Suppose -w + 1 = 4. Let m be p(w). What is the greatest common factor of 19 and m?
19
Suppose 2*a = p - 7466 - 3488, -a - 5 = 0. What is the highest common divisor of 112 and p?
16
Suppose -3*w = -5*w + 10, -h + 38 = 5*w. Let y(p) = 7*p**2 + 2. Suppose -5*l - l - 18 = 0. Let z be y(l). What is the highest common divisor of z and h?
13
Let t(x) = -3*x**3 + 38*x**2 + 11*x + 42. Let y be t(5). What is the highest common factor of 608 and y?
32
Suppose 3*f - 2*l = 89 + 55, 0 = -3*f + 5*l + 126. What is the greatest common divisor of f and 20?
4
Let q = 5712 + -5686. What is the highest common factor of 975 and q?
13
Suppose 41*v - 168 = 27*v. Suppose -5*p = 5*c + 9 + 1, 2*p = 5*c - 18. Suppose -52 = -u - c*u + 4*f, -4 = f. Calculate the greatest common factor of u and v.
12
Suppose 119*i = 135*i - 3280. Suppose -10*f - 2*u + 490 = -7*f, -5*u = 5*f - 815. What is the highest common divisor of f and i?
41
Suppose -28092 = -4*l + 3*y, 3*l + 574*y = 570*y + 21119. Calculate the highest common divisor of l and 213.
213
Let z be 8/10*(-855)/6. Let t = z + 123. What is the highest common divisor of 18 and t?
9
Let d(q) = -73*q - 2220. Let x be d(-31). Calculate the greatest common factor of x and 860.
43
Suppose -c + 5 = 0, 20*p - 18*p = -5*c + 13. Let d(k) = 23*k + 278. Let a be d(p). Calculate the highest common divisor of 112 and a.
28
Let q(h) = -3*h**2 + 7*h - 20. Let g be q(10). Let y = g + 262. Calculate the highest common divisor of 6 and y.
6
Suppose -5*s + 11 = 4*m - 0*s, -5*m - 4*s + 16 = 0. Suppose 188 = m*o + 4. Let h = -39 + o. Calculate the greatest common divisor of h and 1.
1
Suppose -2071*q + 2074*q + 2*j = 8, 5*q - 9 = j. What is the greatest common divisor of q and 338?
2
Suppose 0 = -898*u + 895*u - 210. Let q be 2/(-5)*u*7. Calculate the greatest common divisor of 8 and q.
4
Let r be (-49575)/(-375) - (-2 - 63/(-15)). Let b(z) = 10*z - 4. Let l be b(3). What is the greatest common factor of l and r?
26
Suppose 20*q - 2156 = 6*q - 0*q. Calculate the highest common divisor of 385 and q.
77
Let u(q) = 216*q**2 + q + 1. Let x be u(-1). Suppose 6*w - 19*w - 78 = 0. Let l be (w + 3)/(3/(-27)). What is the highest common divisor of x and l?
27
Suppose 7*r = -4*r + 462. Let c = 50 - r. Suppose n + c = 23. What is the greatest common divisor of 6 and n?
3
Suppose -2*k + 49724 = -5*o - 50275, 3*k + 3*o - 150030 = 0. Calculate the highest common factor of k and 237.
237
Suppose -3*l - 4*r + 1249 = 0, 10*r - 1250 = -3*l + 5*r. Calculate the highest common factor of 35 and l.
5
Let c = 20 - 5. Let z = 180 + -15. What is the highest common factor of c and z?
15
Let w(u) = -385*u + 3157. Let q be w(8). Calculate the highest common divisor of 27566 and q.
77
Let s(m) = -2*m**3 + 22*m**2 - 61*m + 237. Let b be s(9). What is the greatest common factor of b and 15348?
12
Let t(j) = -51*j - 51*j - 75 - 52*j + 187*j - 45*j. Let d be t(-7). Calculate the highest common divisor of 63 and d.
9
Let i = 255 + -213. Suppose 0 = -z + 5*r + i, -5*z + z - 4*r = -120. What is the highest common factor of 352 and z?
32
Let f = 9 - -27. Suppose 0*y + 3*y + 5*r + 46 = 0, y - r = -18. Let h(k) = -6*k - 78. Let w be h(y). Calculate the highest common factor of f and w.
12
Let b = -5794 - -7795. What is the highest common divisor of 23 and b?
23
Let q be -1 + 52/2 + -1. Suppose -3719*v + 16 = -3717*v. Calculate the highest common divisor of q and v.
8
Let g = 34 + 16. Suppose 2 + 13 = 5*k, 5*k - g = -5*j. Suppose -2*c + 5*r - 280 = -j*c, 3*c - 140 = 4*r. Calculate the greatest common divisor of 13 and c.
13
Let u be -1*(40/(-16)*2 + -20). Calculate the greatest common factor of 14275 and u.
25
Let l = -10060 + 10328. What is the highest common factor of l and 4154?
134
Let c = -30872 + 30914. Calculate the greatest common divisor of c and 104.
2
Suppose 5*z + 0*j - 161 = -j, -3*z - j + 95 = 0. Let q = 1459 - 1294. Calculate the highest common factor of z and q.
33
Suppose 17*a - 345 = 1721 - 366. Calculate the highest common divisor of 3460 and a.
20
Suppose -7*o + 4*o + 75 = 0. Suppose 3*p - o + 13 = 0. Let k(q) = q**3 - 2*q**2 - 5*q + 13. Let n be k(p). Calculate the highest common divisor of n and 175.
25
Let y(i) = 8*i**2 + 3*i - 2. Suppose 32 = 2*m + 18. Suppose -k + 8 = m. Let g be y(k). What is the greatest common factor of g and 9?
9
Suppose 49*q - 59*q = -1680. Suppose 2*t - 42 = t + 3*o, -4*t + 3*o + q = 0. Calculate the greatest common divisor of t and 126.
42
Let h = -7532 + 7620. Calculate the highest common factor of 2264 and h.
8
Let z = 586 - 235. Let f = z + -337. Calculate the greatest common divisor of f and 126.
14
Let r(h) = -2*h**3 - 6*h**2 + 15*h + 10. Let s be r(-6). Suppose 2*u = u - s. Let a be u/(-12) - 8/(-12). Calculate the greatest common factor of a and 96.
12
Suppose 3*r = 3*n + 144, -r = -3*n + 8*n - 24. Let w(p) = 24*p**2 - 32*p - 4. Let y be w(-3). What is the highest common factor of y and r?
44
Let p(y) = 2*y + 30. Let s be p(-15). Suppose 4*h - 13 = -8*j + 5*j, j - 2*h - 11 = s. Calculate the highest common factor of 273 and j.
7
Suppose 0 = 5*j - 20, 4*q + 10*j - 96 = 6*j. Suppose -2*b = 2*k - 226, -k + 16*b + 101 = q*b. What is the highest common factor of 54 and k?
9
Suppose -w + 4*j + 98 + 107 = 0, 5*w - 1150 = -5*j. Let h(s) = 6*s - 30. Let y be h(8). What is the highest common divisor of y and w?
9
Let x be (10/(-28))/((-6)/21)*44. Let h = -1860 + 2740. What is the highest common factor of h and x?
55
Let r = 2099 - 2087. Suppose -5*w = -0*w - 1020. Calculate the highest common divisor of r and w.
12
Let v = -5016 + 5188. What is the highest common factor of 817 and v?
43
Let g = 342 - 280. Suppose 46*r - g*r + 2368 = 0. What is the highest common divisor of r and 37?
37
Let i be 5/(-10) + (-21)/(-2). Let y = -2 + i. Let x(c) = -3*c**3 + 214*c**2 + 417*c - 14. Let z be x(-2). Calculate the highest common divisor of z and y.
8
Suppose -10*k + 38 = -2458 - 664. What is the highest common divisor of 1501 and k?
79
Suppose 5*j - j = 5*l + 43052, -3*l + 10780 = j. Calculate the greatest common factor of 16 and j.
16
Suppose -4*m + 4*u = -288, 5*u + 594 - 696 = -m. Calculate the highest common divisor of m and 198.
11
Suppose -265 = -5*s - 109*v + 114*v, 2*s = -5*v + 113. What is the highest common divisor of s and 837?
27
Suppose -5*g + 390 = -0*g. Let l(o) = 2413*o + 24247. Let b be l(-10). What is the highest common divisor of b and g?
39
Let t(v) = 5*v**2 + 4*v + 2. Suppose -10*y + s = -6*y + 28, -20 = 3*y - s. Let g be t(y). What is the greatest common factor of 29 and g?
29
Suppose -3*n = 12, 37*x - 4*n = 41*x - 2824. Calculate the greatest common divisor of 10 and x.
10
Suppose -2*t = -u + 3712, 61*t - 62*t = -2*u + 7418. What is the greatest common divisor of u and 36?
36
Let a = 1103 + -1040. What is the greatest common divisor of 4347 and a?
63
Let i = -549 + 552. Suppose 4*g + i = 4*l - 73, -5*g + 31 = 4*l. Calculate the highest common divisor of l and 154.
14
Suppose 0 = 140*q - 4668 - 3710 + 3198. Calculate the greatest common divisor of 7807 and q.
37
Let m = 76 + -73. Suppose m*o + o - 28 = -4*i, -5*o - 4*i = -40. Let r be o/(-9) + (-616)/(-3). Calculate the greatest common divisor of r and 51.
51
Let s = -165 - -350. Let n = -183 + s. Let x be (-1 + 1 - 4)/(-2). Calculate the highest common factor of n and x.
2
Let h be 1404/(-15) + 0 - 6/(-10). Le